49
Suppose 5*l - 46 = 4*u, 0 = -0*l - 2*l + 4*u + 28. Suppose -5*y - y = l. List the prime factors of y/(-2)*244 - 3.
7, 17
List the prime factors of (-5 - -6)*(-63)/(-28)*(-35888)/(-12).
3, 2243
Suppose 5*c = 7*c + 2*b, -8 = -3*c + b. What are the prime factors of (-304)/2736 - c*(-16994)/36?
2, 59
Let g be 6*18/24*2/3. Suppose -5*m + 18 = g*z, m = -0*z + 3*z. Suppose -b + 99 = -c, -2*b = m*c - 260 + 52. What are the prime factors of b?
101
Let j(v) = -v**2 - v - 22. Let r be j(8). Let o be (r/(-3))/((-14)/(-105)). Suppose -11*t + o = -6*t. What are the prime factors of t?
47
Suppose -2*v - 5*f + 2668 = -9*f, 3*f - 6631 = -5*v. Let j = v + -810. List the prime factors of j.
2, 7, 37
Let a(h) = 4*h**2 + 5*h - 5. Let g be a(1). Suppose -2306 = -2*m - 4*n, -g*m + 2*n + 4580 + 82 = 0. List the prime factors of m.
1163
List the prime factors of 96305/17*9*2/30.
3, 11, 103
Let l(v) = 6*v**3 - v**2 + 10*v - 5. Let q(m) = -m**3 - m**2 - m - 1. Let u(k) = -l(k) - 5*q(k). Let b = 67 + -62. List the prime factors of u(b).
2, 5
Let k(r) = 76*r**2 + 9*r + 58. Suppose -2*w + 50 - 58 = 0. List the prime factors of k(w).
2, 619
Let y = -66 + 69. Suppose -3*x - 3*k + 7*k + 821 = 0, k = y*x - 824. What are the prime factors of x?
5, 11
Suppose 49*y - 493546 = 171384. What are the prime factors of y?
2, 5, 23, 59
List the prime factors of ((-102)/(-18)*447)/((-1)/(-2) - 0).
2, 17, 149
Suppose 9*l - 4272 = l. Let c = 942 - l. Let i = c + -264. List the prime factors of i.
2, 3
Let x(i) = 145*i + 107. Let c(p) = -578*p - 427. Let j(d) = 2*c(d) + 9*x(d). What are the prime factors of j(7)?
2, 3
Let v(t) be the second derivative of 5*t**4/6 + 2*t**3 - 9*t**2/2 + 30*t. Let o be v(6). Let n = -217 + o. What are the prime factors of n?
2, 103
Suppose -5*l + 2*q = -3*l - 7706, 4*q = 5*l - 19265. List the prime factors of l.
3853
Let u be 3/(0 - (-12)/8). Suppose -u*d - 4*r + 594 = 0, 7 = 4*r + 19. What are the prime factors of d?
3, 101
Suppose -26 = -3*f - 71. List the prime factors of 2/(f/((-66600)/16)).
3, 5, 37
Let b(r) = 6*r - 18 + 9*r + 5 + r**3 - 3*r**2. Let u be ((-111)/(-18))/1 + 14/(-84). List the prime factors of b(u).
5, 37
Let k be 6 + (2 + -7 - -1). Suppose 0 = 5*m + k*h - 2001, -4*m + 3*h + 1610 = -0*m. List the prime factors of m.
401
Suppose 0 = -73*s - 839813 + 5131264. What are the prime factors of s?
58787
Suppose 98*b = 578044 + 819534. What are the prime factors of b?
13, 1097
Let k(o) be the second derivative of 7*o**5/10 - o**4/12 + o**3/3 - o**2/2 + 165*o. Let g be (-2)/6*-3 - -1. What are the prime factors of k(g)?
3, 37
Let a(b) = 3*b**2 - 10*b + 4. Let g be a(8). Suppose -g - 204 = -4*l - 2*j, 5*l + 3*j - 400 = 0. Let c = 144 - l. List the prime factors of c.
2
Let u(z) = 18*z**2 - 28*z - 16. Suppose -a + 45*r - 13 = 43*r, 2*a = r - 20. List the prime factors of u(a).
2, 7, 11
Suppose -11*l + 63617 = -28464. Suppose 0 = -2*h - 9*h + l. List the prime factors of h.
761
Let n = -57736 + 112301. Suppose 13*p = -22*p + n. List the prime factors of p.
1559
What are the prime factors of 2 + ((-648)/(-32) - -6)*36?
947
Let c(i) = i**3 - 10*i**2 + 24*i - 13. Let r be c(7). List the prime factors of (-3 + 1 - (-20)/r)*464.
2, 29
Let k = -36 + 43. Let c(s) = s**3 - 8*s**2 + 4*s + 15. Let v be c(k). What are the prime factors of (-2 + 9/6)*v - -34?
37
What are the prime factors of 5801/1 + (140 - 137)?
2, 1451
Let r(j) = j**2 - 10*j + 3. Let l be r(10). Suppose s - 3*c + 99 = 2*c, l*s - 2*c + 297 = 0. Let a = 150 + s. List the prime factors of a.
3, 17
Let m = 48 + -42. Let v be ((36/m)/(-24))/((-2)/1208). Let x = 234 - v. What are the prime factors of x?
83
Suppose 291*j - 229544 = 555*j - 278*j. What are the prime factors of j?
2, 4099
Let x = 28822 + -16039. What are the prime factors of x?
3, 4261
Let r be (-48)/64 + (-109)/4 + -2. What are the prime factors of ((-267)/4)/(r/40)?
89
What are the prime factors of (162/243)/((-2)/(-2049))?
683
Let k(o) = -o + 55 + 2*o - o**3 + 62. Let x = 677 - 677. What are the prime factors of k(x)?
3, 13
Let b(g) = 31*g**3 - 2*g - 1. Let o be b(-1). Let u be 32/(-80) + 3*(-44)/o. Suppose 5*f = -2*m - m + 630, -840 = -u*m + 5*f. List the prime factors of m.
2, 3, 5, 7
List the prime factors of ((2 - 100/45) + 1122/(-54))*-461.
3, 7, 461
Suppose 3*d - 8 = m - 0, -58 = 5*m + 3*d. Suppose 470 = -9*l - 124. List the prime factors of (-1278)/m + ((-120)/l - 2).
2, 29
Let u = -9088 + 13568. List the prime factors of u.
2, 5, 7
Suppose -123*y = -5241882 - 4056795. List the prime factors of y.
17, 4447
Suppose 617188 = 246*z - 5258768. What are the prime factors of z?
2, 3, 1327
Suppose -351*g + 348*g = -456. Let c = 175 - g. What are the prime factors of c?
23
Let m(y) = -2*y**2 - 32*y + 6. Let j be m(-16). List the prime factors of ((-3)/j + 2)/((-9)/(-7686)).
3, 7, 61
Let b = -36 + 62. Let s be 4/(16/10)*b. Suppose 3*l = -s + 422. List the prime factors of l.
7, 17
Suppose 89868 = 5*j + v, 0 = -30*v + 26*v + 32. List the prime factors of j.
2, 4493
Suppose -143024 - 284218 = -30*k - 103872. List the prime factors of k.
3, 3593
Let g be 12/8 - 22/(-4). Suppose -g*k = -2*k - 175. List the prime factors of (-1*14/k)/(1/(-365)).
2, 73
Let n(d) = 1554*d + 122. List the prime factors of n(4).
2, 3169
Suppose -2*b + 8 = 2*w - 10, 3 = w - 2*b. Let x(s) = 7*s**2 - 7*s - 45. List the prime factors of x(w).
3, 83
Let p be (-3)/5*15*(-1 - 0). Let v be (-1 - (-12)/p) + 2/(-6). Suppose -x - 4 = -v*x, 3*z - 4*x - 325 = 0. List the prime factors of z.
103
Suppose 7*h - 11*h - 6342 = -r, 16 = 4*h. What are the prime factors of r?
2, 11, 17
Suppose 2*w + 4*g = 14, 0 = 5*w - 5*g + 3*g - 11. Let f be (-3)/2 + w/2. Let z = 5 - f. What are the prime factors of z?
5
Let j(b) = -23*b**3 - 7*b**2 + 45*b - 8. What are the prime factors of j(-8)?
2, 5, 137
Let c(v) = 48*v**3 - 2*v**2 - 3*v - 6. Suppose 0 = -3*k - y + 5, 4*y = 3*k + 4 - 29. Let a be c(k). Suppose 8*g - a = -375. What are the prime factors of g?
3, 37
Let d be (-1)/(-7) - (3/21 + 0). Suppose 5*t - 2*o - 1010 = d, 5*t + 10*o - 5*o - 1010 = 0. List the prime factors of t.
2, 101
Let x = 24 - 16. Let r = x + -10. List the prime factors of (r - ((0 - 21) + 0))*1.
19
Suppose -28 - 32 = -6*b. Suppose 1544 = b*u - 8*u. List the prime factors of u.
2, 193
What are the prime factors of (37133 - 6) + 4 + 10*(-2)/4?
2, 19, 977
Let y be (-6)/(-7)*(-5 + (-87)/(-9)). Suppose -y*l = -459 - 169. Suppose -44 = -3*z + l. What are the prime factors of z?
67
Let d(w) be the first derivative of w**4/2 + 13*w**2/2 - w - 10. List the prime factors of d(7).
2, 97
Suppose 2*b = -5*h + 1211, 5*h - 2407 = 97*b - 101*b. Let m = b + -519. List the prime factors of m.
79
Let w(j) be the third derivative of 47*j**4/24 - 229*j**3/6 + 100*j**2. List the prime factors of w(34).
37
Let p(x) be the third derivative of x**5/10 - 3*x**4/8 - 2*x**3/3 - 73*x**2. What are the prime factors of p(-4)?
2
Suppose 65*n - 75823 = -3*b + 69*n, 0 = 5*b - n - 126383. List the prime factors of b.
7, 23, 157
Let l(i) = -i**2 - 41*i - 144. Let o be l(-36). List the prime factors of (1525/122)/((-34)/o + 1).
3, 5
Let s(j) = -j**3 - 15*j**2 + 15*j + 86. What are the prime factors of s(-20)?
2, 19, 47
Suppose 0 = -5*v + 3*r - 45476 + 136579, 2*v + r - 36428 = 0. What are the prime factors of v?
18217
Suppose 57*p - 15 = 2*f + 58*p, -4*f - 42 = -2*p. Let b = 1 - -13. Let s = b + f. List the prime factors of s.
5
Let p(m) = -m**2 - 20*m - 31. Suppose 3*w - 15 - 27 = 4*b, b - 1 = -5*w. Let s be p(b). Let v = 174 - s. List the prime factors of v.
2, 53
Suppose -3*y + r + 3881 = -3561, -4 = -4*r. Let f = -1011 + y. List the prime factors of f.
2, 3, 5, 7
Let v(z) = -808*z + 776. What are the prime factors of v(-7)?
2, 3, 67
Let i(n) = n**3 - 11*n**2 + 12*n - 11. Let r = 143 + -132. What are the prime factors of i(r)?
11
Let w be 1/((12/32)/3). Suppose 5*d = -w*p + 3*p + 1455, -1485 = -5*p + d. List the prime factors of p.
2, 37
Suppose 27*q - 38 = 124. List the prime factors of (q + 0)/(3*(-22)/(-8679)).
3, 263
List the prime factors of (-49)/(1029/(-146538)) + (0 - 3).
3, 5, 31
Suppose -5*w - 63501 = -3*c, 9*c = 6*c + 2*w + 63510. What are the prime factors of c?
2, 67, 79
Suppose -139*z = -48*z - 1224785 - 349242. List the prime fact